{"version":"1.0","provider_name":"Made in camp Le Fief Melin","provider_url":"https:\/\/madeincamp.fr\/le-fief-melin\/en\/","author_name":"@dmin64","author_url":"https:\/\/madeincamp.fr\/le-fief-melin\/en\/author\/dmin64\/","title":"Mobil-home en vente 2 chambres \u2013 Camping Le Fief Melin \u2605\u2605\u2605\u2605","type":"rich","width":600,"height":338,"html":"<blockquote class=\"wp-embedded-content\" data-secret=\"d0BDbwS2Wb\"><a href=\"https:\/\/madeincamp.fr\/le-fief-melin\/en\/devenir-proprietaire\/annonce1-fief\/\">Mobil-home 2 chambres (2022) \u2013 Camping Le Fief Melin \u2605\u2605\u2605\u2605<\/a><\/blockquote><iframe sandbox=\"allow-scripts\" security=\"restricted\" src=\"https:\/\/madeincamp.fr\/le-fief-melin\/en\/devenir-proprietaire\/annonce1-fief\/embed\/#?secret=d0BDbwS2Wb\" width=\"600\" height=\"338\" title=\"&#8220;Mobil-home 2 chambres (2022) \u2013 Camping Le Fief Melin \u2605\u2605\u2605\u2605&#8221; &#8212; Made in camp Le Fief Melin\" data-secret=\"d0BDbwS2Wb\" frameborder=\"0\" marginwidth=\"0\" marginheight=\"0\" scrolling=\"no\" class=\"wp-embedded-content\"><\/iframe><script>\n\/*! This file is auto-generated *\/\n!function(d,l){\"use strict\";l.querySelector&&d.addEventListener&&\"undefined\"!=typeof URL&&(d.wp=d.wp||{},d.wp.receiveEmbedMessage||(d.wp.receiveEmbedMessage=function(e){var t=e.data;if((t||t.secret||t.message||t.value)&&!\/[^a-zA-Z0-9]\/.test(t.secret)){for(var s,r,n,a=l.querySelectorAll('iframe[data-secret=\"'+t.secret+'\"]'),o=l.querySelectorAll('blockquote[data-secret=\"'+t.secret+'\"]'),c=new RegExp(\"^https?:$\",\"i\"),i=0;i<o.length;i++)o[i].style.display=\"none\";for(i=0;i<a.length;i++)s=a[i],e.source===s.contentWindow&&(s.removeAttribute(\"style\"),\"height\"===t.message?(1e3<(r=parseInt(t.value,10))?r=1e3:~~r<200&&(r=200),s.height=r):\"link\"===t.message&&(r=new URL(s.getAttribute(\"src\")),n=new URL(t.value),c.test(n.protocol))&&n.host===r.host&&l.activeElement===s&&(d.top.location.href=t.value))}},d.addEventListener(\"message\",d.wp.receiveEmbedMessage,!1),l.addEventListener(\"DOMContentLoaded\",function(){for(var e,t,s=l.querySelectorAll(\"iframe.wp-embedded-content\"),r=0;r<s.length;r++)(t=(e=s[r]).getAttribute(\"data-secret\"))||(t=Math.random().toString(36).substring(2,12),e.src+=\"#?secret=\"+t,e.setAttribute(\"data-secret\",t)),e.contentWindow.postMessage({message:\"ready\",secret:t},\"*\")},!1)))}(window,document);\n<\/script>\n","thumbnail_url":"https:\/\/madeincamp.fr\/le-fief-melin\/wp-content\/uploads\/sites\/5\/2025\/07\/MH021-2ch-Camping-Le-Fief-Melin-PHOTO-MH021-terrasse-2-scaled-e1753281486387.jpg","thumbnail_width":1536,"thumbnail_height":1236,"description":"\u00c0 vendre au Camping Le Fief Melin : mobil-home 2 chambres de 2022 en excellent \u00e9tat, install\u00e9 sur un emplacement calme avec une belle vue d\u00e9gag\u00e9e sur un champ. Un cadre bucolique et reposant, id\u00e9al pour des s\u00e9jours nature sur l\u2019\u00cele d\u2019Ol\u00e9ron. Confort moderne, tranquillit\u00e9 et \u00e9vasion garanties."}

À vendre au Camping Le Fief Melin : mobil-home 2 chambres de 2022 en excellent état, installé sur un emplacement calme avec une belle vue dégagée sur un champ. Un cadre bucolique et reposant, idéal pour des séjours nature sur l’Île d’Oléron. Confort moderne, tranquillité et évasion garanties.
